 - 5*z + t*p. What is the remainder when z is divided by 24?
21
Suppose -519 = 5*x - 1629. Calculate the remainder when -17 - -130 - (3 - -1) is divided by (9/(-27))/((-2)/x).
35
Let s(z) = -z**2 + 25*z - 75. Calculate the remainder when 808 is divided by s(13).
79
Suppose 4*n + 68 = 4*f, 5*f + 2*n = -0*n + 78. Let w be 0 + 5 + 56 + -2. Let r = 3 + w. Calculate the remainder when r is divided by f.
14
Suppose 10*l + x + 468 = 12*l, -2 = -x. Calculate the remainder when l is divided by 113.
9
Suppose 307 = 5*d - 223. Let w = -33 - -37. Suppose 4*b = 2*s + 98, 0*b + w*b - 4*s - 88 = 0. What is the remainder when d is divided by b?
25
Suppose -r - 2*c + 5 = -0*c, -2*r + 3*c + 24 = 0. What is the remainder when (0 - -3)/(r/174) is divided by 13?
6
Let r(l) = -3*l - 17. Let b(n) = 7*n - 56. Let d be b(7). Calculate the remainder when (-4)/(-10) + 126/10 is divided by r(d).
1
Suppose -3*w + 233 - 50 = l, 260 = 4*w - 4*l. Let k = 80 - w. Calculate the remainder when 52 is divided by k.
16
Let n = 27 + -24. Suppose 0 = -n*v - 6 + 42. Calculate the remainder when 45 is divided by v.
9
Calculate the remainder when 412 is divided by -138*(45/6)/(-15).
67
What is the remainder when 129/2*(-420)/(-126) is divided by 72?
71
Let s(u) = 43*u - 2. Suppose -2*h = 15*h - 374. Calculate the remainder when s(2) is divided by h.
18
Let p(d) = 7*d - 2. Let o(h) = -20*h + 5. Let f(k) = -3*o(k) - 8*p(k). Let q be f(6). What is the remainder when (-6)/(-10) - (-1260)/q is divided by 18?
15
Let k = -1471 + 1600. What is the remainder when k is divided by 10?
9
Let i = 316 + -285. Calculate the remainder when 100 is divided by i.
7
Suppose 127 = 3*s + 109. Calculate the remainder when 22 is divided by s.
4
Let g(s) = -6*s + 4. Let t be (15/10)/(9/66). Suppose t*f - 8 = 10*f. Calculate the remainder when g(-4) is divided by f.
4
Let c = -28 + 28. Suppose c = 3*b + b + 3*r - 67, -2*b + 35 = r. What is the remainder when 37 is divided by b?
18
Let j = 51 - 29. Suppose 2*k = 2*b - 26, 2*k - 3*k = -2*b + j. Calculate the remainder when 16 is divided by b.
7
Let l(p) = -3*p**2 + 35*p - 17. What is the remainder when 424 is divided by l(8)?
69
Suppose -2*i = -3*h - 74, -4*i + h + 78 = -2*i. Suppose -3*l = 2*l - 585. What is the remainder when l is divided by i?
37
Let a be 4/18 + (-100)/(-36). Suppose f = a + 12. What is the remainder when f is divided by 12?
3
Suppose 0 = d, -5*j + j + 4*d + 24 = 0. Suppose 0 = -6*c - j + 48. Let p(k) = -k**3 - 4*k**2 + k - 7. What is the remainder when p(-5) is divided by c?
6
Let n = 110 + -98. What is the remainder when 128 is divided by n?
8
Let k(v) = v**3 - 5*v**2 - 4*v + 54. What is the remainder when 87 is divided by k(4)?
21
Let t(l) = 22*l - 14*l - 13*l - 17. What is the remainder when t(-15) is divided by 16?
10
Let m be (-4 + 8 - -40) + -1. Suppose -2*v + m = 23. What is the remainder when v is divided by 4?
2
Let t = -16 - -45. Suppose -2*h = h - 30. What is the remainder when t is divided by h?
9
Let k(g) = g**3 - 8*g**2 - 7*g - 13. Let x = 5 + 4. Suppose 4 = 2*f - 4. Calculate the remainder when k(x) is divided by f.
1
Let z = 536 + -495. Calculate the remainder when z is divided by 21.
20
Let u(t) be the third derivative of -t**6/120 + 7*t**5/60 - t**4/6 - 16*t**2. Let s = -15 + 32. Calculate the remainder when u(5) is divided by s.
13
Let i = -305 - -334. Calculate the remainder when 38 is divided by i.
9
Calculate the remainder when 204 is divided by (-2 + 5/4)/(8/(-352)).
6
Let b be (4/(-10))/((-7)/70). Suppose -5*s - c = 19, b*s = c + c - 4. Let p(i) = 2*i**2 + 3*i + 3. What is the remainder when 23 is divided by p(s)?
11
Suppose -5*o - 5 = -5*u + 2*u, 4*o = -3*u - 4. Suppose u = -3*j - 56 + 206. Calculate the remainder when ((-8)/(-20))/(2/j) is divided by 2.
0
Suppose -v + 22 = 148*j - 147*j, -5*v + 122 = 2*j. Calculate the remainder when 69 is divided by v.
17
Let v = -749 + 758. Let i(p) = 4*p + 4. What is the remainder when i(3) is divided by v?
7
Let t = -91 + 41. What is the remainder when 78 is divided by ((-14)/35)/(1/t)?
18
Suppose 0*a = 8*a - 24. What is the remainder when 79 is divided by (1/a*0 + -1)*-9?
7
Let z = -2 - -2. Suppose -4*a = -3*r + 55, z = 2*r - r + 4*a - 45. Let v = -171 - -184. What is the remainder when r is divided by v?
12
What is the remainder when 191 is divided by (((-12)/21)/2)/(14/(-2548))?
35
Suppose 1 = -3*y + 5*d - 8, 4*y - 2*d = 2. Suppose y*w - 4*w + 5*o = -157, 4*w = -5*o + 239. What is the remainder when w is divided by 17?
15
Calculate the remainder when 29 is divided by 68/6 + (60/(-18) - -4).
5
Calculate the remainder when ((-3077)/68)/((-3)/24) is divided by 28.
26
Let n(c) = 7*c**2 + 51*c + 17. What is the remainder when n(-9) is divided by 14?
13
Suppose -4*p + k = 25, 2*p - p = k - 10. Calculate the remainder when 40 is divided by (-1199)/(-55) + 4/p.
19
Calculate the remainder when 19 is divided by (0 + 1)/(-4*9/(-360)).
9
Let n = -2750 - -2826. What is the remainder when n is divided by 29?
18
Suppose -r = l - 4*r - 3, 0 = 4*l - r - 1. Suppose l = -h - 4 + 36. Suppose -5*c = -8 + 3, 5*c = -2*p + 39. What is the remainder when h is divided by p?
15
Let n(u) be the second derivative of u**3/3 - 3*u**2 - 2*u. Let m(y) = -y**3 - 24*y**2 + 5. What is the remainder when m(-24) is divided by n(5)?
1
Let j(p) = p**3 + 6*p**2 - 8*p + 4. Let b be j(-7). Suppose -b*l - 25 = -190. Calculate the remainder when 72 is divided by l.
12
Suppose 2363 - 408 = 5*x. Suppose x = 4*b + 143. Let a(v) = -20*v + 1. Calculate the remainder when b is divided by a(-1).
20
Let h = 221 - -106. What is the remainder when h is divided by 41?
40
Suppose 1647 = 18*n + 387. Suppose -4 = 3*j - n. Calculate the remainder when 64 is divided by j.
20
Let t = -36 + 39. Suppose t*j - 2 = 34. Let v(l) = -7*l. Calculate the remainder when v(-3) is divided by j.
9
Let o be 10/(-15) - 97/3. Let k = 24 + o. Let n = 56 + k. What is the remainder when n is divided by 12?
11
Suppose -4*f + 4 = 0, -z - 2*f = -5*z - 322. Let q = -46 - z. Calculate the remainder when 201 is divided by q.
31
Calculate the remainder when (3 - 6 - 1*-8) + 42 is divided by 18.
11
Let u(w) = -w**3 - 2*w**2 + w - 2. Suppose 0 = 3*l + 2 + 10. What is the remainder when 99 is divided by u(l)?
21
Suppose -30 = 5*r - 300. Let x(l) = 5*l + 3. What is the remainder when r is divided by x(5)?
26
Suppose -15 = -3*q, 5*q - 482 = -2*h - 123. What is the remainder when h is divided by 85?
82
Suppose -3*r + 1495 = 5*p, 0*r = -2*p - 4*r + 598. What is the remainder when p is divided by 30?
29
Let q be (-3)/(99/6) + 96/44. Suppose 3*t - 3*j - 18 = 0, -t = -3*j - q - 0. Calculate the remainder when 38 is divided by t.
6
Let h = 67 - 61. Suppose h*p = 186 + 66. Calculate the remainder when 81 is divided by p.
39
Let d = -362 - -381. Calculate the remainder when 246 is divided by d.
18
Suppose -153 = -58*p + 55*p. What is the remainder when p is divided by 13?
12
Suppose -5*c + 2*c - 2*t + 15 = 0, -5*t = 2*c + 1. Suppose -3*k = -c*k + 204. Suppose 2*n - 35 = k. What is the remainder when n is divided by 15?
13
Let d = -2 - -18. What is the remainder when ((-23)/((-1610)/84))/(1/25) is divided by d?
14
Let p = -384 - -436. Calculate the remainder when 162 is divided by p.
6
Let d = -1 - -7. Let q(j) = j**2 - 8*j + 15. Let s be q(d). Let g = s - -24. What is the remainder when g is divided by 10?
7
Suppose 2*n = -7*n + 396. What is the remainder when n is divided by 23?
21
Let d be (1 - -5)*12/18. Suppose 0 = -d*g + 8. Suppose i - g*i = w - 22, 2*w + 3*i = 43. What is the remainder when w is divided by 6?
5
Let p(s) = 10*s**2 + 2*s - 1. Let z(t) = t**3 - 5*t**2 + 5*t - 8. Let y be z(4). What is the remainder when p(-2) is divided by ((-51)/3 - y)*-1?
9
Let y = 667 + -439. Let t = 78 - 45. What is the remainder when y is divided by t?
30
Let v(f) = f**2 - 2*f + 2. Let b be v(3). Suppose b*l - 75 = -0*l. Let a = -583 - -586. Calculate the remainder when l is divided by a.
0
Let j(h) = -21*h - 15. Let u be j(-6). Suppose -3*g - 5*f + 71 = 0, -3*f = -3*g - 0*f + u. What is the remainder when g is divided by 18?
14
Suppose 7 - 2 = i. Let m(x) = x**2 - 10*x + 3. Let h be m(9). Let b = 7 - h. What is the remainder when b is divided by i?
3
Let c(s) = -2*s - 75. Calcul